e t(-7). Calculate the remainder when 9 is divided by (-2 + 27/l)/((-1)/(-2)).
4
Suppose 3*l - 7 = -79. Let r = l - -30. What is the remainder when 9 is divided by r?
3
Let q(a) = -11*a. Let c be q(-1). Let p(x) = x**3 + 2*x + c + 0*x + 12*x**2 - 3*x + x**2. What is the remainder when 47 is divided by p(-13)?
23
Let b(h) = -h**3 + 6*h**2 + 5*h + 12. Let f be b(5). Let v = 109 - f. Calculate the remainder when v is divided by 12.
11
Suppose -4*g - 27*f = -28*f - 186, f - 136 = -3*g. What is the remainder when g is divided by 8?
6
Let l(p) = 6*p**3 - 8*p**2 - 3*p + 14. Let x(i) = -i**3 - i**2 + i + 1. Let d(a) = l(a) + 5*x(a). What is the remainder when d(13) is divided by 16?
13
Let q = 9 - -2. Suppose 3*m - 5 = 13. What is the remainder when q is divided by m?
5
Suppose 0 = -12*m + 15*m - 15. Let u(z) be the third derivative of z**5/60 + z**4/8 - 3*z**3/2 - z**2. What is the remainder when 123 is divided by u(m)?
30
Let g(t) = -t**3 - 15*t**2 - 61*t - 10. What is the remainder when g(-5) is divided by 22?
1
Suppose -5*w + 103 = -32. Suppose 0*a - 3*a = -w. Let t = a + 4. Calculate the remainder when 35 is divided by t.
9
Let i be (8/(-28))/(2/(-28)). Suppose -i*b + 22 = f, -3*f - b = -4*f + 7. Let a = 11 - -17. Calculate the remainder when a is divided by f.
8
Suppose 0 = -5*m + 5*c - 50, 2*m = -4*c - 13 - 1. Suppose 3*q - 13 = -2*p, -p - 26 = -8*q + 3*q. Let w = p - m. What is the remainder when 14 is divided by w?
6
Let a = -391 + 99. Let d = a + 518. Calculate the remainder when d is divided by 38.
36
Let v = -5 + 2. Let s = 35 + -58. What is the remainder when s/(1/v*1) is divided by 18?
15
Suppose -7 + 0 = -7*f. Let v = 24 - f. What is the remainder when 45 is divided by v?
22
Suppose 189 - 79 = 10*c. Let x(s) = 2*s**3 + 4*s - 3. What is the remainder when x(2) is divided by c?
10
Let x = -419 + 492. Calculate the remainder when x is divided by 8.
1
Let k(b) = 7*b + 53. Calculate the remainder when 15 is divided by k(-7).
3
Let x = -1916 + 2365. What is the remainder when x is divided by 11?
9
What is the remainder when ((-852)/(-8) + -5)/(3/6) is divided by 9?
5
Suppose 6*k + 5*q = 4*k + 47, 3*q - 57 = -3*k. Calculate the remainder when k is divided by 12.
4
Let y(k) = 57*k**2 - 8*k - 7. Suppose 0 = -w - 3*w + 48. What is the remainder when y(-1) is divided by w?
10
Let y = -5 - -21. What is the remainder when 3 - (4/10 - (-906)/(-15)) is divided by y?
15
Let m = 82 - 60. Suppose 102*s + m = 103*s. Calculate the remainder when s is divided by 6.
4
Suppose 97*f = 49*f + 42*f + 486. Suppose 113 = 5*u + w - 26, 4*w - 108 = -4*u. What is the remainder when f is divided by u?
25
Suppose 5*q = 84 + 16. Let b = 29 - q. Suppose -b*j + 5*j + 108 = 0. Calculate the remainder when j is divided by 15.
12
Suppose 2*g = 49 + 29. Suppose 213*u - 215*u = -386. What is the remainder when u is divided by g?
37
Suppose 6*c - 55 = -19. Suppose c*i = 11*i - 130. What is the remainder when 102 is divided by i?
24
Calculate the remainder when 164 is divided by ((1 + -4)/3)/((-1)/34).
28
Suppose -5*z + 8 = -2*f - z, 0 = -z + 4. What is the remainder when (5 - 987/105)/(2/(-5)) is divided by f?
3
Let w = -254 - -314. What is the remainder when 179 is divided by w?
59
Let a = -9 - -11. Suppose 94 = -a*o + 4*o. Suppose 0 = 5*z + 6*j - 4*j - 88, -76 = -4*z - 3*j. Calculate the remainder when o is divided by z.
15
Let c(j) = 368*j + 2. Let u be c(1). Suppose -u = -5*l + 5. Let r = l + -50. Calculate the remainder when 97 is divided by r.
22
Suppose 0 = 2*j + 4*r - 24, 6*r + 3 = j + 5*r. Suppose -n + 184 = 2*o, j*o + 4*n = 2*o + 368. What is the remainder when o is divided by ((-31)/(-2))/(24/48)?
30
Suppose -21*d - 71 = -4*t - 20*d, 0 = -4*t + 4*d + 80. Let b = -73 + 137. What is the remainder when b is divided by t?
13
Let h(o) be the first derivative of o**4/4 + 4*o**3/3 + 3*o**2/2 + 5*o + 2. Calculate the remainder when 19 is divided by h(-3).
4
Calculate the remainder when 252 is divided by ((-120)/(-28))/(64/224).
12
Let x(w) = -w**3 - 2*w**2 + 2*w - 5. Suppose 0 = 3*b + 21 - 132. Calculate the remainder when b is divided by x(-4).
18
Suppose -3*x + 225 = 2*x. Suppose x = -t + 6*t. Suppose 53 = 3*k - 19. What is the remainder when k is divided by t?
6
Calculate the remainder when 226 is divided by 38*((-1)/8)/(22/(-88)).
17
Let z be (-1)/(-1) + (-7 - -6). Suppose 5 = -h - z*h. What is the remainder when 41 is divided by (-4 - h)*1*14?
13
Suppose -3*y + 12*y = 1593. Calculate the remainder when y is divided by 38.
25
Let f be 24/8 + 6*1. Suppose 0 = s - 3*g - 16, 2*g + f = 5*g. Let m = -24 + s. What is the remainder when m is divided by 1?
0
Let n = -328 + 354. Calculate the remainder when 960 is divided by n.
24
Suppose 3*p = 8*p - 75. Suppose 3*q + p = 78. Let b = 67 - 28. What is the remainder when b is divided by q?
18
Let t be 1 - ((-3 - -3) + -184). Suppose -8*g + t = 33. Suppose 8*j - g = 5. What is the remainder when 4 is divided by j?
1
Let k = -11 - -7. Let z = 119 + -102. What is the remainder when (-306)/(-10) + k/(-10) is divided by z?
14
Let h(w) = 43*w**3 + 2*w**2 - 11*w + 10. Calculate the remainder when h(1) is divided by 9.
8
Let v(q) = -31*q**3 + 2*q + 2. Let x = 86 - 87. Calculate the remainder when 247 is divided by v(x).
30
Let q = -248 + 347. Let t(m) = 16*m + 2. Let c(k) = k**2 - 21*k + 40. Let h be c(19). What is the remainder when q is divided by t(h)?
31
Let v(t) = -t**2 - 17*t + 30. What is the remainder when (-2 + -49)/((-3)/2) is divided by v(-18)?
10
Let f(h) = h**3 + 3. Let r be f(0). Suppose -v = r*v. Suppose v = u + u + 6, 0 = 5*n + u - 342. Calculate the remainder when n is divided by 14.
13
Let n(f) = -f + 4. Let p be n(-5). Suppose -2*d = 3*x - 18 - 7, d = -x + p. What is the remainder when x is divided by 6/(-1 + 3) - -2?
2
Suppose 1105 = 5*l - 4*f + 8*f, 442 = 2*l - 4*f. Calculate the remainder when l is divided by 16.
13
Suppose -5*v + 8*v - 54 = v. Calculate the remainder when v is divided by 2/(-8) + (-82)/(-8).
7
Suppose -3*s - 2*l - 16 = -73, -2*l = 5*s - 99. Let q = -40 - -28. Let r = s + q. Calculate the remainder when r is divided by 2.
1
Suppose a + h = 19, a - 21 - 14 = 3*h. Suppose 6*u - 61 = a. What is the remainder when 81 is divided by u?
11
Let j(h) = -24*h - 114. What is the remainder when 236 is divided by j(-10)?
110
Let s = -12 + 12. Suppose s*r + 78 = 4*r + q, r - 3*q = 26. What is the remainder when 956/12 + (-6)/9 is divided by r?
19
Suppose -3*i + 3*q + 93 = 0, 0 = -2*i + 3*i + 3*q - 35. Suppose 11*r - 2 = 42. Calculate the remainder when i is divided by 1/2 - (210/r)/(-3).
14
Let y(b) = -54*b - 2. Let i be 7 - 1 - 11 - (-3 + 1). Calculate the remainder when y(i) is divided by 18.
16
Suppose 179*j - 175*j = 8. Suppose 5*l = -o + l + 42, j*l = -2*o + 96. Calculate the remainder when 149 is divided by o.
49
Suppose 83 = -0*g + 3*g + 2*p, -5*p + 20 = 0. What is the remainder when 28 is divided by g?
3
Suppose 0 = 5*r - r - 12. Suppose -20 = -2*n - r*n. Suppose t - 96 = -n*w + 6*t, 3*w + 2*t = 72. What is the remainder when 69 is divided by w?
21
Suppose -1306 - 894 = -10*t. Calculate the remainder when t is divided by 71.
7
Suppose 4*u = 3*d + 440, -8*u = -3*u + 5*d - 550. Calculate the remainder when u is divided by 28.
26
Suppose 2*j = -6, 3*i + 9 = -0*j - j. Let h = -85 - -103. What is the remainder when 3/i*-2*17 is divided by h?
15
Let t = -36 - -77. Calculate the remainder when t is divided by 33*2*(-2)/(-12).
8
Let g(s) = -s + 31. Let c(j) = j - 30. Let z(y) = 4*c(y) + 5*g(y). Calculate the remainder when z(12) is divided by 7.
2
Let i(f) = f**3 - 2*f + 2. Let b(z) = z + 4. Let g be b(-3). Calculate the remainder when g*(3 - -18 - 0) is divided by i(2).
3
Let n(j) = j**3 + 5*j**2 + 1. Let r(o) be the third derivative of -13*o**4/24 + 3*o**3/2 + 4*o**2. What is the remainder when r(-5) is divided by n(-3)?
17
Let a = 11 + -6. Suppose -y = -3*u + 63, 3*y + 30 = a*u - 79. Let v = u - -3. What is the remainder when v is divided by 8?
7
Suppose m + 1 = -2*x, -x = 3*m - 4*x - 15. Suppose -113 + 38 = -m*p. What is the remainder when 72 is divided by p?
22
Suppose -5*n = -5*f + 6 + 9, 4*n = -4*f + 20. What is the remainder when 43 is divided by 2/(-10) - (f + 131/(-5))?
21
Let i(c) = c**2 - c + 68. L